-305442
In base 13, what is 0 - -10c5c1?
10c5c1
In base 5, what is -244423 + 1333?
-243040
In base 3, what is 100210210022 - -12?
100210210111
In base 8, what is 152 + 2360?
2532
In base 7, what is 163 - -2156?
2352
In base 11, what is -1 - 13085?
-13086
In base 9, what is 16825 + 2?
16827
In base 7, what is -364 + 24?
-340
In base 13, what is 2 + -6a9?
-6a7
In base 12, what is 4 - -19b5b?
19b63
In base 3, what is -20201 + -112221?
-210122
In base 12, what is -1031a - 35?
-10353
In base 5, what is -1 - -304444103?
304444102
In base 14, what is 12d0 + 10?
1300
In base 14, what is -14917 + -2?
-14919
In base 13, what is 5 - -22b6?
22bb
In base 8, what is -157 + -2673?
-3052
In base 7, what is 5353 - -226?
5612
In base 6, what is 4 - -542345?
542353
In base 14, what is 0 + -11a9b?
-11a9b
In base 4, what is 101333 - 32123?
3210
In base 14, what is 2a - -822?
84c
In base 8, what is -541 + -320?
-1061
In base 3, what is -1100 + -10120020?
-10121120
In base 3, what is 110 + 2222121?
10000001
In base 6, what is -4 - 11014351?
-11014355
In base 6, what is -20 - 340144?
-340204
In base 14, what is 28 - -9922?
994a
In base 10, what is 578 + 16?
594
In base 9, what is -10786 - -31?
-10755
In base 5, what is -1102304 + 30?
-1102224
In base 4, what is 10222 + 231?
11113
In base 11, what is 64692 - 10?
64682
In base 4, what is 11 + -10221232?
-10221221
In base 7, what is -1 + 460422?
460421
In base 13, what is -18cc - -3?
-18c9
In base 15, what is 1c57d - 5?
1c578
In base 11, what is -4756 + -5?
-4760
In base 15, what is e61d4 + 2?
e61d6
In base 11, what is 78792 + -5?
78788
In base 2, what is -100 + -11101110010001?
-11101110010101
In base 12, what is 2b9 + 4?
301
In base 2, what is -11110111 - 1110001?
-101101000
In base 4, what is -1113233 - -2003?
-1111230
In base 6, what is -4120 + -114?
-4234
In base 14, what is 79 - c75?
-bda
In base 4, what is -32233012 - 2020?
-32301032
In base 5, what is 1 + -2224141?
-2224140
In base 13, what is 75 + 565?
60a
In base 7, what is 24156 + -51?
24105
In base 6, what is 223 + 414?
1041
In base 9, what is 186703 + 5?
186708
In base 6, what is -5132 + -422?
-5554
In base 14, what is -85 + db?
56
In base 6, what is -4 + 2034023?
2034015
In base 13, what is -62ac + 2?
-62aa
In base 12, what is -8 - 49a7?
-49b3
In base 11, what is -3073317 + -4?
-3073320
In base 15, what is 2d51e + 0?
2d51e
In base 11, what is 69 + 1a1?
25a
In base 10, what is 2 + 1390041?
1390043
In base 16, what is 135cc - 6?
135c6
In base 12, what is -130 - 1069?
-1199
In base 15, what is -c14 - -27?
-bdc
In base 7, what is -135 - 5551?
-6016
In base 9, what is 17870 - -11?
17881
In base 5, what is -3 + -230243?
-230301
In base 11, what is 6 + -4a022?
-4a017
In base 8, what is -27 - -14406?
14357
In base 11, what is -2773 - 6?
-2779
In base 14, what is -2 - 3cb97?
-3cb99
In base 8, what is -3 - -1033400?
1033375
In base 11, what is 707 - 949?
-242
In base 10, what is 5501336 - 2?
5501334
In base 14, what is 19d + -645b?
-629c
In base 8, what is -1 - 1516256?
-1516257
In base 7, what is 21 + 12555?
12606
In base 15, what is 474 - -a1?
525
In base 2, what is -100011 - 10000000110?
-10000101001
In base 7, what is 1120103 - -4?
1120110
In base 16, what is c1d - -11?
c2e
In base 12, what is -3743 + 40?
-3703
In base 15, what is 0 - -6dd9d?
6dd9d
In base 6, what is 1022251 + -12?
1022235
In base 10, what is 73 + 14874?
14947
In base 13, what is -b24 + 3?
-b21
In base 12, what is 89 - -b3?
180
In base 3, what is -12212 + -2002010?
-2021222
In base 11, what is 28 - 4a9?
-481
In base 4, what is -12002333 + 20?
-12002313
In base 4, what is 2 - 321233?
-321231
In base 13, what is 22c59 + 40?
22c99
In base 4, what is 133 - 3121232?
-3121033
In base 11, what is 216283 + -4?
21627a
In base 15, what is 380c - 1b?
37e1
In base 8, what is 661477 + 1?
661500
In base 10, what is 452 - 468?
-16
In base 8, what is -215262 + 3?
-215257
In base 7, what is -53656 + -23?
-54012
In base 3, what is -12202211111 + 11?
-12202211100
In base 4, what is -133203 + 11?
-133132
In base 9, what is -636 - 6?
-643
In base 11, what is 10152 - 2?
10150
In base 10, what is 976 - -323?
1299
In base 12, what is -3685 - -9?
-3678
In base 10, what is -5 - 152646?
-152651
In base 9, what is 3148 + 2?
3151
In base 6, what is 103402 + -21?
103341
In base 5, what is 103 + 4111?
4214
In base 10, what is -3585 + 19?
-3566
In base 9, what is 85 + 2711?
2806
In base 10, what is 108 + -161?
-53
In base 4, what is 21303 - -120?
22023
In base 11, what is 4 + 24241?
24245
In base 15, what is -5 - -b95?
b90
In base 2, what is 11010 + 110101111100?
110110010110
In base 14, what is 3 + 22855?
22858
In base 15, what is -2 + 3c980?
3c97d
In base 7, what is 15405026 + -3?
15405023
In base 14, what is 5 - -1115?
111a
In base 16, what is -3ee5 - -40?
-3ea5
In base 13, what is ba06 - 38?
b99b
In base 13, what is -c6707 - -4?
-c6703
In base 4, what is 1 - -2202320?
2202321
In base 8, what is 76171 + 22?
76213
In base 7, what is 1100105 - -25?
1100133
In base 6, what is 545 - 414?
131
In base 11, what is 42a3 - 0?
42a3
In base 5, what is 131 - 10242?
-10111
In base 16, what is 0 - 4a3b?
-4a3b
In base 9, what is 0 + -148043?
-148043
In base 3, what is 2 - 221220212?
-221220210
In base 3, what is 1022220012 - 2?
1022220010
In base 6, what is 1 + -53212?
-53211
In base 7, what is -1612 - 43?
-1655
In base 8, what is 11 - 24201?
-24170
In base 13, what is 9b0 + 41?
a21
In base 5, what is 3 - 340120?
-340112
In base 10, what is 158 + -7?
151
In base 2, what is 1010010111110 - 100100?
1010010011010
In base 10, what is 965936 - 1?
965935
In base 14, what is -2cac4 + 5?
-2cabd
In base 13, what is -5 + 1b82?
1b7a
In base 5, what is -101 + -2412?
-3013
In base 9, what is 2787 + 73?
2871
In base 9, what is 1377 + 25?
1413
In base 10, what is 1997 - -625?
2622
In base 11, what is -7 + -375?
-381
In base 8, what is -132447 - 322?
-132771
In base 13, what is 91 + -3ba?
-329
In base 12, what is -550a - 2?
-5510
In base 9, what is 12 - -11737?
11750
In base 4, what is 10032201311 + -3?
10032201302
In base 14, what is -33b84 + 5?
-33b7d
In base 15, what is 490311 - 2?
49030e
In base 4, what is -11 + -1113323?
-1120000
In base 7, what is -14052 + -665?
-15050
In base 3, what is -21 + 11022210?
11022112
In base 10, what is 46978 - 5?
46973
In base 13, what is -23043 - 3?
-23046
In base 10, what is -3093 + 179?
-2914
In base 10, what is -76 + -294?
-370
In base 13, what is 15c9 + -5?
15c4
In base 3, what is 200 + 1101021?
1101221
In base 12, what is 114 + -3b48?
-3a34
In base 7, what is -1161 - -252?
-606
In base 3, what is -100211 - 12221102?
-20022020
In base 12, what is 6 + -1511?
-1507
In base 4, what is -10 + 2210222?
2210212
In base 6, what is 3 - 2442433?
-2442430
In base 11, what is 0 + -3611?
-3611
In base 7, what is 201 + 265?
466
In base 2, what is -1000110110 + 10110000?
-110000110
In base 4, what is 300 + 13231?
20131
In base 6, what is -45411 + -1?
-45412
In base 9, what is -4 + 5122?
5117
In base 7, what is -4 - -6226?
6222
In base 12, what is 19 + -12180?
-12163
In base 3, what is -120012212001 - -10?
-120012211221
In base 3, what is 1020212211 - 12222?
1020122212
In base 8, what is -253046 - 3?
-253051
In base 7, what is 233452 + 61?
233543
In base 6, what is -21043155 - 0?
-21043155
In base 4, what is 3132011 + -312?
3131033
In base 10, what is -227600 - -3?
-227597
In base 4, what is -11 + -102233302?
-102233313
In base 4, what is 100 + 13223121?
13223221
In base 4, what is 13013003113 - -1?
13013003120
In base 13, what is 0 + -12419?
-12419
In base 3, what is 120021 + 2210221?
10101012
In base 13, what is -449 + -368?
-7b4
In base 15, what is -7d8 - -3b?
-79c
In base 10, what is 5936 + -131?
5805
In base 2, what is -110111001 - 111011?
-111110100
In base 7, what is -102 - 2200?
-2302
In base 4, what is 11022230 + -22?
11022202
In base 5, what is -40040 + 242?
-34243
In base 6, what is -124432 + 15?
-124413
In base 12, what is 233 + 280a?
2a41
In base 15, what is 1e1467 + -2?
1e1465
In base 16, what is -7e6 + -20?
-806
In base 13, what is 13 + -1a?
-7
In base 13, what is -217 - 18?
-232
In base 11, what is 33a4353 + -4?
33a434a
In base 13, what is 987 - 1?
986
In base 12, what is -643 - -442?
-201
In base 4, what is 